{"id":3125,"date":"2024-06-14T02:24:40","date_gmt":"2024-06-14T00:24:40","guid":{"rendered":"https:\/\/cscpcmali.org\/?page_id=3125"},"modified":"2024-06-14T02:35:49","modified_gmt":"2024-06-14T00:35:49","slug":"scpc","status":"publish","type":"page","link":"https:\/\/cscpcmali.org\/index.php\/scpc\/","title":{"rendered":"SCPC"},"content":{"rendered":"\n<p>Suite aux Etats g\u00e9n\u00e9raux du secteur coton, les producteurs engagent en 2005 des r\u00e9flexions strat\u00e9giques sur les enjeux majeurs de la fili\u00e8re coton<\/p>\n<p>L&#8217;un de ces enjeux restait le choix de la forme d&#8217;organisation \u00e0 adopter. C&#8217;est ainsi que le choix a \u00e9t\u00e9 port\u00e9 sur la forme coop\u00e9rative pour les raisons suivantes :<\/p>\n<ul>\n<li>La coop\u00e9rative a un cadre juridique l\u00e9gal<\/li>\n<li>Elle a un caract\u00e8re d&#8217;entreprise<\/li>\n<li>Sa capacit\u00e9 de participer \u00e0 la gestion \u00e9conomique de la fili\u00e8re est \u00e9tablie<\/li>\n<\/ul>\n<h2>La structuration des SCPC<\/h2>\n<p>La zone cotonni\u00e8re du Mali est r\u00e9partie entre quatre (4) zones qui correspondent \u00e0 des filiales :<\/p>\n<ul>\n<li>La zone Ouest (r\u00e9gion CMDT de Kita)<\/li>\n<li>La zone Centre (r\u00e9gion CMDT de Fana + zone OHVN)<\/li>\n<li>La zone Nord &#8211; Est (r\u00e9gion CMDT de Koutiala + r\u00e9gion CMDT de San)<\/li>\n<li>La zone Sud (r\u00e9gion CMDT de Sikasso + r\u00e9gion CMDT de Bougouni)<\/li>\n<\/ul>\n<p>De 2005 \u00e0 2007 avec l\u2019appui du PASE I les AV ont \u00e9t\u00e9 transform\u00e9es en Soci\u00e9t\u00e9 Coop\u00e9rative de producteurs de Coton (SCPC) suivant la loi N\u00b001-076 du 18 juillet 2001 r\u00e9gissant les Soci\u00e9t\u00e9s coop\u00e9ratives;<\/p>\n<p>Dans chaque zone, les SCPC se sont regroup\u00e9es de la commune \u00e0 la r\u00e9gion en mettant en place des unions communales, unions secteur et une Union R\u00e9gionale des soci\u00e9t\u00e9s coop\u00e9ratives de producteurs de coton (UR SCPC).<\/p>\n<p>Les quatre URSCPC ont mis en place en mars 2007, au niveau national, une Union Nationale des soci\u00e9t\u00e9s coop\u00e9ratives de producteurs de coton (UNSCPC)<\/p>\n<p>A partir de cette p\u00e9riode le Mali avait :<\/p>\n<ul>\n<li>1 Union Nationale de Soci\u00e9t\u00e9s coop\u00e9ratives de producteurs de coton<\/li>\n<li>4 Unions r\u00e9gionales<\/li>\n<li>41 Unions secteur<\/li>\n<li>288 Unions communales<\/li>\n<li>Environ 7 177 soci\u00e9t\u00e9s coop\u00e9ratives de base<\/li>\n<\/ul>\n<h2>Les Coop\u00e9ratives suivant l\u2019Acte uniforme de l\u2019OHADA :<\/h2>\n<p>L\u2018acte uniforme de l\u2019OHADA relatif au droit des soci\u00e9t\u00e9s coop\u00e9ratives a \u00e9t\u00e9 adopt\u00e9 par le conseil des Ministres de l\u2019OHADA le 15 d\u00e9cembre 2010 \u00e0 Lom\u00e9 (TOGO) et est entr\u00e9 en vigueur depuis le 16 mai 2011 dans tous les Etats partie, une disposition du texte donne un d\u00e9lai de deux ans aux soci\u00e9t\u00e9s coop\u00e9ratives d\u00e9j\u00e0 constitu\u00e9es sous les anciennes lois Nationales pour mettre en conformit\u00e9 leurs statuts et r\u00e8glements int\u00e9rieurs avec les dispositions de l\u2019acte, sous peine de nullit\u00e9.<\/p>\n<p>A partir de 2014 avec l\u2019appui de l\u2019AFD suite \u00e0 des ateliers de sensibilisation, le r\u00e9seau des soci\u00e9t\u00e9s coop\u00e9ratives de producteurs du Mali a d\u00e9cid\u00e9 de se conformer aux exigences de l\u2019acte Uniforme de l\u2019OHADA. Lors des ateliers de synth\u00e8se les recommandations suivantes ont \u00e9t\u00e9 faites :<\/p>\n<ul>\n<li>Harmoniser les statuts et r\u00e8glements int\u00e9rieurs des soci\u00e9t\u00e9s coop\u00e9ratives avec les dispositions de l\u2019acte uniforme relatif au droit des soci\u00e9t\u00e9s coop\u00e9ratives.<\/li>\n<li>Les ateliers ont d\u00e9fini des crit\u00e8res pour le regroupement des SCPC afin de les rendre beaucoup plus viables : au moins 40 ha de coton \u00e0 exploiter et production d\u2019au moins 144 tonnes de coton graines.<\/li>\n<li>Adopter les quatre niveaux du r\u00e9seau coop\u00e9ratif pr\u00e9vus dans les dispositions de l\u2019Acte Uniforme c&#8217;est-\u00e0-dire : SCOOPS (Soci\u00e9t\u00e9s coop\u00e9ratives) au niveau des villages, Union de soci\u00e9t\u00e9s coop\u00e9ratives au niveau du Secteur, F\u00e9d\u00e9ration au niveau de la R\u00e9gion et Conf\u00e9d\u00e9ration au niveau National.<\/li>\n<\/ul>\n<p>Ainsi \u00e0 l\u2019heure actuelle, au Mali, il existe :<\/p>\n<ul>\n<li>2562 soci\u00e9t\u00e9s coop\u00e9ratives de base immatricul\u00e9es suivant l\u2019OHADA et 4423 non immatricul\u00e9es<\/li>\n<li>41 Unions de secteurs des soci\u00e9t\u00e9s coop\u00e9ratives de producteurs de coton suivant l\u2019acte<\/li>\n<li>4 F\u00e9d\u00e9rations R\u00e9gionales de soci\u00e9t\u00e9s coop\u00e9ratives de producteurs de coton<\/li>\n<li>Une Conf\u00e9d\u00e9ration de soci\u00e9t\u00e9s coop\u00e9ratives de producteurs de coton<\/li>\n<\/ul>\n<p><strong>NB :<\/strong> Le niveau Communal ne fait plus partie de l\u2019agencement du r\u00e9seau coop\u00e9ratif des producteurs de coton au Mali.<\/p>\n<h2>III. LA C-SCPC :<\/h2>\n<p>La Conf\u00e9d\u00e9ration des soci\u00e9t\u00e9s coop\u00e9ratives de producteurs de coton, en abr\u00e9g\u00e9 : C-SCPC est une entreprise coop\u00e9rative au sens de l\u2019Acte Uniforme de l\u2019OHADA relatif aux droits des soci\u00e9t\u00e9s coop\u00e9ratives.<\/p>\n<p>Elle est fond\u00e9e sur les principes d\u2019union, de solidarit\u00e9 et d\u2019entraide mutuelle. Elle adh\u00e8re aux principes coop\u00e9ratifs que sont : l\u2019adh\u00e9sion libre ; la gestion d\u00e9mocratique ; l\u2019\u00e9quit\u00e9 dans la r\u00e9partition des r\u00e9sultats \u00e9conomiques ; l\u2019int\u00e9r\u00eat limit\u00e9 au capital ; l\u2019\u00e9ducation coop\u00e9rative et l\u2019inter-coop\u00e9ration.<\/p>\n<p>Elle place son action dans le cadre du d\u00e9veloppement \u00e9conomique et social de la R\u00e9publique du Mali.<\/p>\n<p>La C-SCPC est cr\u00e9\u00e9e entre 7 177 soci\u00e9t\u00e9s coop\u00e9ratives de base de producteurs de coton (SCPC); 41 unions de secteurs de SCPC, 4 F\u00e9d\u00e9rations R\u00e9gionales de SCPC couvrant les zones Sud (Bougouni-Sikasso), nord -est (Koutiala-San), centre (OHVN &#8211; CMDT Fana), et ouest (Kita) adh\u00e9rentes \u00e0 ses statuts et 1 Conf\u00e9d\u00e9ration de SCPC bas\u00e9e \u00e0 Bamako.<\/p>\n<h3>Vision de la C-SCPC<\/h3>\n<p>La vision de la C-SCPC est : \u00abL\u2019am\u00e9lioration des conditions de vie des producteurs \u00e0 travers une fili\u00e8re cotonni\u00e8re valoris\u00e9e avec des producteurs impliqu\u00e9s au sein d\u2019une interprofession forte et bien organis\u00e9e\u00bb<\/p>\n<h3>Missions de la C-SCPC<\/h3>\n<p>Elle a deux missions essentielles :<\/p>\n<ol>\n<li>Une mission institutionnelle qui consiste \u00e0 repr\u00e9senter tous les acteurs de la fili\u00e8re coton aupr\u00e8s des pouvoirs publics, des collectivit\u00e9s, des partenaires du d\u00e9veloppement rural pour la d\u00e9fense de leurs int\u00e9r\u00eats<\/li>\n<li>Une mission op\u00e9rationnelle qui consiste \u00e0 :\n<ul>\n<li>Sauvegarder et d\u00e9fendre les int\u00e9r\u00eats moraux, professionnels ou mat\u00e9riels de ses membres \u00e0 travers des concertations entre diff\u00e9rents niveaux<\/li>\n<li>Diffuser l\u2019information n\u00e9cessaire \u00e0 l\u2019am\u00e9lioration des activit\u00e9s des membres et des producteurs de coton<\/li>\n<li>Mener les actions d\u2019\u00e9ducation coop\u00e9rative<\/li>\n<\/ul>\n<\/li>\n<\/ol>\n<p>Pour r\u00e9aliser ses missions, la C-SCPC fonde ses actions sur les domaines d\u2019intervention ci-dessous :<\/p>\n<h4>Au niveau institutionnel au nombre de 4 :<\/h4>\n<ul>\n<li>La repr\u00e9sentation<\/li>\n<li>La concertation avec les pouvoirs publics et les paysans<\/li>\n<li>Le fonctionnement statutaire<\/li>\n<li>La communication sur les missions et r\u00f4les de la C-SCPC<\/li>\n<\/ul>\n<h4>Au niveau op\u00e9rationnel au nombre de 8 :<\/h4>\n<ul>\n<li>La promotion, la valorisation de la culture du coton et particuli\u00e8rement des revenus des coton-culteurs \u00e0 travers la gestion durable des ressources naturelles<\/li>\n<li>L\u2019approvisionnement des producteurs en intrants et \u00e9quipements agricoles tant pour le coton que pour le vivrier<\/li>\n<li>La commercialisation du coton-graine et sa livraison aux usines d\u2019\u00e9grainage<\/li>\n<li>La recherche et la diffusion de l\u2019information sur les prix du coton fibre sur le march\u00e9 mondial<\/li>\n<li>La promotion de la productivit\u00e9 et de la qualit\u00e9 du coton graine<\/li>\n<li>L\u2019implication des producteurs dans la gestion interprofessionnelle de la fili\u00e8re et la participation de l\u2019union dans le capital<\/li>\n<li>La transformation des produits agricoles<\/li>\n<li>Le d\u00e9veloppement du partenariat au niveau national et international avec d\u2019autres fili\u00e8res<\/li>\n<\/ul>\n","protected":false},"excerpt":{"rendered":"<p>Suite aux Etats g\u00e9n\u00e9raux du secteur coton, les producteurs engagent en 2005 des r\u00e9flexions strat\u00e9giques sur les enjeux majeurs de la fili\u00e8re coton L&#8217;un de ces enjeux restait le choix de la forme d&#8217;organisation \u00e0 adopter. C&#8217;est ainsi que le choix a \u00e9t\u00e9 port\u00e9 sur la forme coop\u00e9rative pour les raisons suivantes : La coop\u00e9rative&#8230;<\/p>\n","protected":false},"author":1,"featured_media":0,"parent":0,"menu_order":0,"comment_status":"closed","ping_status":"closed","template":"","meta":{"_monsterinsights_skip_tracking":false,"_monsterinsights_sitenote_active":false,"_monsterinsights_sitenote_note":"","_monsterinsights_sitenote_category":0,"footnotes":""},"class_list":["post-3125","page","type-page","status-publish","hentry","page--item"],"aioseo_notices":[],"_links":{"self":[{"href":"https:\/\/cscpcmali.org\/index.php\/wp-json\/wp\/v2\/pages\/3125","targetHints":{"allow":["GET"]}}],"collection":[{"href":"https:\/\/cscpcmali.org\/index.php\/wp-json\/wp\/v2\/pages"}],"about":[{"href":"https:\/\/cscpcmali.org\/index.php\/wp-json\/wp\/v2\/types\/page"}],"author":[{"embeddable":true,"href":"https:\/\/cscpcmali.org\/index.php\/wp-json\/wp\/v2\/users\/1"}],"replies":[{"embeddable":true,"href":"https:\/\/cscpcmali.org\/index.php\/wp-json\/wp\/v2\/comments?post=3125"}],"version-history":[{"count":2,"href":"https:\/\/cscpcmali.org\/index.php\/wp-json\/wp\/v2\/pages\/3125\/revisions"}],"predecessor-version":[{"id":3131,"href":"https:\/\/cscpcmali.org\/index.php\/wp-json\/wp\/v2\/pages\/3125\/revisions\/3131"}],"wp:attachment":[{"href":"https:\/\/cscpcmali.org\/index.php\/wp-json\/wp\/v2\/media?parent=3125"}],"curies":[{"name":"wp","href":"https:\/\/api.w.org\/{rel}","templated":true}]}}