{"id":3071,"date":"2024-06-04T00:57:58","date_gmt":"2024-06-03T22:57:58","guid":{"rendered":"https:\/\/cscpcmali.org\/?page_id=3071"},"modified":"2024-06-04T01:17:43","modified_gmt":"2024-06-03T23:17:43","slug":"c-scpc","status":"publish","type":"page","link":"https:\/\/cscpcmali.org\/index.php\/c-scpc\/","title":{"rendered":"C-SCPC"},"content":{"rendered":"\t\t<div data-elementor-type=\"wp-page\" data-elementor-id=\"3071\" class=\"elementor elementor-3071\">\n\t\t\t\t<div class=\"elementor-element elementor-element-afb1bb8 e-flex e-con-boxed e-con e-parent\" data-id=\"afb1bb8\" data-element_type=\"container\">\n\t\t\t\t\t<div class=\"e-con-inner\">\n\t\t\t\t<div class=\"elementor-element elementor-element-7e2dd4c elementor-widget elementor-widget-text-editor\" data-id=\"7e2dd4c\" data-element_type=\"widget\" data-widget_type=\"text-editor.default\">\n\t\t\t\t<div class=\"elementor-widget-container\">\n\t\t\t<style>\/*! elementor - v3.21.0 - 08-05-2024 *\/\n.elementor-widget-text-editor.elementor-drop-cap-view-stacked .elementor-drop-cap{background-color:#69727d;color:#fff}.elementor-widget-text-editor.elementor-drop-cap-view-framed .elementor-drop-cap{color:#69727d;border:3px solid;background-color:transparent}.elementor-widget-text-editor:not(.elementor-drop-cap-view-default) .elementor-drop-cap{margin-top:8px}.elementor-widget-text-editor:not(.elementor-drop-cap-view-default) .elementor-drop-cap-letter{width:1em;height:1em}.elementor-widget-text-editor .elementor-drop-cap{float:left;text-align:center;line-height:1;font-size:50px}.elementor-widget-text-editor .elementor-drop-cap-letter{display:inline-block}<\/style>\t\t\t\t<h2>La Conf\u00e9d\u00e9ration des Soci\u00e9t\u00e9s Coop\u00e9ratives des Producteurs de Coton (C-SCPC)<\/h2>\nLe Mali est un pays \u00e0 vocation Agro-Sylvo-Pastoral, la population rurale est estim\u00e9e \u00e0 plus de 80%. La principale culture de rente est le coton surnomm\u00e9 l\u2019or blanc. Depuis les ann\u00e9es 1960 la culture cotonni\u00e8re est encadr\u00e9e au Mali. Environ 4 millions de maliens vivent directement ou indirectement du coton soit environ 1\/5 de la population malienne. \n\nLa Conf\u00e9d\u00e9ration des Soci\u00e9t\u00e9s Coop\u00e9ratives de Producteurs de Coton, en abr\u00e9g\u00e9 : C-SCPC a \u00e9t\u00e9 mise en place le 05 septembre 2014, par suite d\u2019une harmonisation \u00e0 l\u2019Acte Uniforme de l\u2019OHADA relatif aux droits des soci\u00e9t\u00e9s coop\u00e9ratives.\nElle est fond\u00e9e sur les principes d\u2019union, de solidarit\u00e9 et d\u2019entraide mutuelle. Elle adh\u00e8re aux principes coop\u00e9ratifs que sont : \n<ul class=\"feature-list-item\">\n \t<li>l\u2019adh\u00e9sion libre ;<\/li>\n \t<li>la gestion d\u00e9mocratique ;<\/li>\n\t<li>l\u2019\u00e9quit\u00e9 dans la r\u00e9partition des r\u00e9sultats \u00e9conomiques ;<\/li>\n\t<li>l\u2019int\u00e9r\u00eat limit\u00e9 au capital, ;<\/li>\n\t<li>l\u2019\u00e9ducation coop\u00e9rative ;<\/li>\n\t<li>l\u2019inter-coop\u00e9ration.<\/li>\n \t<\/ul>\n    La C-SCPC couvre la zone CMDT et la zone OHVN \u00e0 travers les F\u00e9d\u00e9rations R\u00e9gionales des Soci\u00e9t\u00e9s Coop\u00e9ratives des Producteurs de Coton (FR-SCPC) de :\n    <ul class=\"feature-list-item\">\n \t<li> Fana qui correspond \u00e0 la filiale centre de la CMDT (Fana\/OHVN) <\/li>\n    <li> Koutiala qui correspond \u00e0 la filiale nord-est de la CMDT (Koutiala\/San) <\/li>\n    <li> Sikasso qui correspond \u00e0 la filiale sud de la CMDT (Sikasso\/Bougouni) <\/li>\n    <li> Kita qui correspond \u00e0 la filiale ouest de la CMDT (Kita) <\/li><\/ul>\n    Elle est compos\u00e9e de :\n    \n\t<ul class=\"feature-list-item\">\n \t<li>7 798 Soci\u00e9t\u00e9s Coop\u00e9ratives des Producteurs de Coton (SCPC) avec plus de 200 000 adh\u00e9rents ;<\/li>\n\t<li>42 Unions Secteurs des SCPC ;<\/li>\n\t<li>4 F\u00e9d\u00e9rations R\u00e9gionales des SCPC<\/li>\n\t<li>1 Conf\u00e9d\u00e9ration des SCPC.<\/li><\/ul>\n\nElle place son action dans le cadre du d\u00e9veloppement \u00e9conomique et social de la R\u00e9publique du Mali.\nElle d\u00e9tient 20% du capital des filiales de la CMDT, pour 10,150 milliards F CFA.\n\t<h3>Vision de la C-SCPC<\/h3>\nLa vision de la C-SCPC est : \u00ab L\u2019am\u00e9lioration des conditions de vie des producteurs de coton \u00e0 travers une fili\u00e8re cotonni\u00e8re valoris\u00e9e avec des producteurs impliqu\u00e9s au sein d\u2019une interprofession forte et bien organis\u00e9e \u00bb\n\n\t<h3>Missions de la C-SCPC<\/h3>\nElle a deux missions essentielles :<br>\n1-\tUne mission institutionnelle : \nElle consiste \u00e0 repr\u00e9senter tous les acteurs de la fili\u00e8re coton aupr\u00e8s des pouvoirs publics, des collectivit\u00e9s, des partenaires du d\u00e9veloppement rural pour la d\u00e9fense de leurs int\u00e9r\u00eats.\n\n\n\n\n<div class=\"features mt-40 mt-xs-30 mb-30 mb-xs-20\">\n<div class=\"row\">\n<div class=\"col-xl-5 col-lg-12 col-md-6\">\n<div class=\"content\">\n<h3>2-\tUne mission op\u00e9rationnelle :<\/h3>\nElle consiste \u00e0 :\n<ul class=\"feature-list-item\">\n \t<li>Sauvegarder et d\u00e9fendre les int\u00e9r\u00eats moraux, professionnels ou mat\u00e9riels de ses membres \u00e0 travers des concertations \u00e0 diff\u00e9rents niveaux ;<\/li>\n \t<li>Diffuser l\u2019information n\u00e9cessaire \u00e0 l\u2019am\u00e9lioration continue des activit\u00e9s des producteurs de coton ;<\/li>\n \t<li>Mener les actions de formation et d\u2019\u00e9ducation coop\u00e9rative ;<\/li>\n \t<li>Proc\u00e9der \u00e0 l\u2019approvisionnement des producteurs en intrants agricoles et des appareils de traitement de ses membres ;<\/li>\n    <li>Proc\u00e9der \u00e0 la collecte et la commercialisation primaire du coton graine.<\/li>\n    <\/ul>\n<\/div>\n<\/div>\n<h3>Vision  pour le d\u00e9veloppement du partenariat dans la fili\u00e8re :<\/h3>\n<div class=\"col-xl-7 col-lg-12 col-md-6 mt-xs-30\">\nElle s\u2019articule autour :\n<div class=\"content\">\n<ul class=\"feature-list-item\">\n \t<li>D\u2019un d\u00e9veloppement durable de la fili\u00e8re ;<\/li>\n \t<li>D\u2019un accompagnement des acteurs vers une intensification durable des syst\u00e8mes de productions agricoles ;<\/li>\n \t<li>D\u2019une am\u00e9lioration de la gouvernance des organisations des producteurs et de leur faiti\u00e8re ;<\/li>\n \t<li>D\u2019un renforcement de la synergie et de la compl\u00e9mentarit\u00e9 entre les acteurs.<\/li>\n    <li>Renforcer l\u2019autonomie des producteurs en se dotant d\u2019expertise ind\u00e9pendante, de s\u2019imposer comme partenaire de la fili\u00e8re au niveau organisationnel, d\u00e9cisionnel et financier ;<\/li>\n    <\/ul>\n<\/div>\n\n<\/div>\n<\/div>\n<\/div>\t\t\t\t\t\t<\/div>\n\t\t\t\t<\/div>\n\t\t\t\t\t<\/div>\n\t\t\t\t<\/div>\n\t\t\t\t<\/div>\n\t\t","protected":false},"excerpt":{"rendered":"<p>La Conf\u00e9d\u00e9ration des Soci\u00e9t\u00e9s Coop\u00e9ratives des Producteurs de Coton (C-SCPC) Le Mali est un pays \u00e0 vocation Agro-Sylvo-Pastoral, la population rurale est estim\u00e9e \u00e0 plus de 80%. La principale culture de rente est le coton surnomm\u00e9 l\u2019or blanc. Depuis les ann\u00e9es 1960 la culture cotonni\u00e8re est encadr\u00e9e au Mali. Environ 4 millions de maliens vivent&#8230;<\/p>\n","protected":false},"author":1,"featured_media":0,"parent":0,"menu_order":0,"comment_status":"closed","ping_status":"closed","template":"","meta":{"_monsterinsights_skip_tracking":false,"_monsterinsights_sitenote_active":false,"_monsterinsights_sitenote_note":"","_monsterinsights_sitenote_category":0,"footnotes":""},"class_list":["post-3071","page","type-page","status-publish","hentry"],"aioseo_notices":[],"_links":{"self":[{"href":"https:\/\/cscpcmali.org\/index.php\/wp-json\/wp\/v2\/pages\/3071","targetHints":{"allow":["GET"]}}],"collection":[{"href":"https:\/\/cscpcmali.org\/index.php\/wp-json\/wp\/v2\/pages"}],"about":[{"href":"https:\/\/cscpcmali.org\/index.php\/wp-json\/wp\/v2\/types\/page"}],"author":[{"embeddable":true,"href":"https:\/\/cscpcmali.org\/index.php\/wp-json\/wp\/v2\/users\/1"}],"replies":[{"embeddable":true,"href":"https:\/\/cscpcmali.org\/index.php\/wp-json\/wp\/v2\/comments?post=3071"}],"version-history":[{"count":6,"href":"https:\/\/cscpcmali.org\/index.php\/wp-json\/wp\/v2\/pages\/3071\/revisions"}],"predecessor-version":[{"id":3078,"href":"https:\/\/cscpcmali.org\/index.php\/wp-json\/wp\/v2\/pages\/3071\/revisions\/3078"}],"wp:attachment":[{"href":"https:\/\/cscpcmali.org\/index.php\/wp-json\/wp\/v2\/media?parent=3071"}],"curies":[{"name":"wp","href":"https:\/\/api.w.org\/{rel}","templated":true}]}}